e the highest common divisor of 318 and 2756.
106
What is the greatest common factor of 40 and 125?
5
Calculate the greatest common factor of 40 and 920.
40
What is the highest common factor of 240 and 576?
48
What is the highest common divisor of 28 and 728?
28
Calculate the greatest common divisor of 6255 and 135.
45
Calculate the greatest common factor of 848 and 29256.
424
What is the greatest common divisor of 305 and 122?
61
Calculate the highest common divisor of 55 and 91135.
55
Calculate the greatest common divisor of 75 and 125.
25
What is the highest common factor of 1445 and 10?
5
What is the greatest common factor of 2 and 362?
2
What is the greatest common divisor of 1665 and 37?
37
What is the highest common factor of 2 and 5?
1
Calculate the greatest common factor of 217 and 248.
31
Calculate the greatest common factor of 138 and 621.
69
Calculate the highest common factor of 18945 and 9.
9
Calculate the highest common divisor of 700 and 126.
14
Calculate the highest common factor of 15 and 555.
15
Calculate the greatest common divisor of 1180 and 40.
20
Calculate the greatest common factor of 1425 and 90.
15
Calculate the highest common factor of 32 and 144.
16
What is the highest common divisor of 99 and 549?
9
What is the highest common factor of 2824 and 24?
8
What is the greatest common divisor of 122 and 6?
2
What is the highest common divisor of 2401 and 3?
1
What is the greatest common divisor of 488 and 183?
61
What is the highest common factor of 50 and 8075?
25
Calculate the highest common divisor of 9 and 99.
9
Calculate the highest common factor of 28 and 32.
4
What is the highest common factor of 33 and 24?
3
What is the greatest common divisor of 103 and 824?
103
What is the greatest common divisor of 2431 and 572?
143
What is the greatest common divisor of 45 and 60?
15
What is the greatest common factor of 132 and 24?
12
Calculate the highest common divisor of 564 and 940.
188
What is the highest common divisor of 555 and 45?
15
Calculate the highest common factor of 36 and 1317.
3
Calculate the highest common factor of 50 and 11650.
50
Calculate the greatest common factor of 19027 and 159.
53
What is the greatest common divisor of 2829 and 123?
123
Calculate the highest common factor of 266 and 114.
38
What is the highest common divisor of 56 and 1400?
56
Calculate the highest common factor of 539 and 4004.
77
What is the greatest common factor of 72 and 22296?
24
What is the highest common factor of 525 and 45?
15
What is the greatest common divisor of 16 and 12?
4
Calculate the highest common divisor of 2 and 62.
2
Calculate the greatest common divisor of 42 and 1533.
21
Calculate the highest common factor of 630 and 70.
70
What is the greatest common factor of 902 and 1312?
82
What is the greatest common divisor of 608 and 38?
38
Calculate the highest common factor of 301 and 3483.
43
What is the greatest common factor of 1169 and 63?
7
What is the greatest common divisor of 52 and 416?
52
Calculate the greatest common divisor of 4 and 396.
4
What is the highest common divisor of 27 and 306?
9
What is the highest common factor of 12 and 11796?
12
Calculate the highest common factor of 51 and 272.
17
Calculate the greatest common factor of 3850 and 5250.
350
Calculate the highest common factor of 7605 and 130.
65
Calculate the greatest common factor of 484 and 16698.
242
What is the greatest common factor of 252 and 60?
12
What is the highest common divisor of 3 and 246?
3
Calculate the highest common divisor of 80 and 60.
20
What is the greatest common factor of 4753 and 784?
49
Calculate the highest common divisor of 12493 and 3224.
403
Calculate the highest common divisor of 185 and 5.
5
Calculate the highest common factor of 14 and 266.
14
What is the greatest common divisor of 25914 and 21?
21
What is the greatest common factor of 22 and 1056?
22
Calculate the highest common divisor of 112 and 7.
7
What is the highest common divisor of 633 and 3?
3
What is the greatest common factor of 184 and 782?
46
What is the greatest common factor of 7751 and 23?
23
What is the greatest common divisor of 112 and 84?
28
Calculate the highest common divisor of 55 and 891.
11
Calculate the highest common factor of 2 and 127.
1
What is the highest common factor of 5004 and 108?
36
Calculate the highest common divisor of 132 and 84.
12
What is the highest common divisor of 76 and 1634?
38
What is the highest common divisor of 480 and 50?
10
Calculate the greatest common factor of 406 and 174.
58
What is the greatest common factor of 91 and 13?
13
What is the highest common factor of 57 and 912?
57
Calculate the highest common factor of 236 and 944.
236
What is the highest common divisor of 66899 and 133?
133
What is the greatest common factor of 1650 and 210?
30
What is the greatest common factor of 12 and 4?
4
Calculate the greatest common divisor of 62 and 279.
31
What is the greatest common divisor of 220 and 275?
55
What is the greatest common divisor of 32 and 400?
16
Calculate the highest common factor of 48 and 384.
48
Calculate the highest common factor of 34208 and 32.
32
Calculate the greatest common divisor of 308 and 88.
44
What is the highest common factor of 90 and 210?
30
Calculate the highest common factor of 80 and 55.
5
What is the highest common factor of 348 and 87?
87
Calculate the greatest common factor of 161 and 301.
7
What is the highest common factor of 34 and 4?
2
What is the greatest common factor of 18 and 774?
18
What is the highest common divisor of 4808 and 16?
8
What is the greatest common factor of 4908 and 12?
12
Calculate the greatest common factor of 70 and 56.
14
What is the highest common factor of 8 and 968?
8
What is the greatest common divisor of 287 and 14?
7
Calculate the greatest common factor of 169 and 39.
13
Calculate the highest common divisor of 136 and 320.
8
What is the greatest common divisor of 151 and 1?
1
What is the greatest common divisor of 1239 and 2?
1
Calculate the highest common factor of 24 and 624.
24
What is the greatest common divisor of 16881 and 51?
51
What is the greatest common divisor of 16850 and 200?
50
What is the highest common factor of 35 and 245?
35
Calculate the greatest common divisor of 137 and 5.
1
What is the greatest common divisor of 96 and 1104?
48
What is the highest common factor of 6482 and 56?
14
Calculate the highest common divisor of 100 and 80.
20
What is the greatest common factor of 1308 and 12?
12
Calculate the highest common divisor of 678 and 2260.
226
What is the highest common factor of 117 and 273?
39
Calculate the highest common factor of 201 and 1072.
67
What is the highest common divisor of 77 and 88?
11
What is the greatest common divisor of 25 and 270?
5
What is the highest common divisor of 870 and 210?
30
What is the highest common divisor of 19007 and 166?
83
What is the greatest common factor of 32 and 328?
8
What is the greatest common factor of 103 and 2?
1
What is the highest common divisor of 2 and 86?
2
What is the highest common divisor of 4 and 108?
4
What is the greatest common divisor of 297 and 44?
11
Calculate the greatest common factor of 3 and 1983.
3
What is the greatest common divisor of 74 and 12321?
37
Calculate the greatest common divisor of 18 and 192.
6
What is the greatest common factor of 7670 and 50?
10
What is the greatest common factor of 70 and 100?
10
What is the greatest common divisor of 540 and 140?
20
What is the highest common factor of 261 and 1479?
87
What is the highest common factor of 34 and 1394?
34
Calculate the highest common divisor of 270 and 25.
5
Calculate the greatest common factor of 342 and 8721.
171
What is the greatest common factor of 96 and 584?
8
What is the highest common divisor of 55 and 5?
5
What is the highest common divisor of 5499 and 47?
47
Calculate the greatest common divisor of 12 and 75.
3
What is the highest common factor of 32 and 296?
8
Calculate the greatest common factor of 6936 and 30.
6
What is the greatest common divisor of 24 and 276?
12
Calculate the greatest common divisor of 28 and 301.
7
Calculate the greatest common factor of 3092 and 4.
4
Calculate the highest common divisor of 19017 and 9.
9
What is the highest common divisor o